Let n(o) = -3*o**3 + 2*o**3 - 6*o**2 + 3*o**3 + o - o**3 + 2. Let h be n(6). Calculate the highest common factor of h and 12.
4
Let j(c) = -c**2 - 21*c - 27. Let o be j(-18). Calculate the highest common divisor of 81 and o.
27
Suppose 5*q + 489 = c, c - 296 = 3*q + 3*c. Let n = 2 - q. Suppose 0 = 4*a + a - n. What is the greatest common divisor of a and 40?
20
Let l = 28 + -24. What is the highest common divisor of 10 and l?
2
Let v(i) = -i**2 + 7*i + 3. Let o be v(4). Suppose 2*l + o = 1. Let z = l + 13. What is the greatest common factor of 9 and z?
3
Let f = -11 - -12. Calculate the greatest common factor of 4 and f.
1
Let s be 3/(9/6 + 0). Suppose b = s*b - 38. What is the greatest common divisor of b and 95?
19
Suppose 4*l + 2*h - 1204 = 0, 3*h + 602 = 2*l + 2*h. What is the highest common divisor of l and 43?
43
Let g = 68 + -44. Calculate the greatest common divisor of g and 72.
24
Suppose 2*v - 2 = -g, 2*g + 1 = v + 5. Suppose v = -3*i - 0*i + 45. What is the highest common factor of i and 135?
15
Let y be -1*(-2 + -5 + 0). Calculate the highest common factor of 7 and y.
7
Suppose -105 - 133 = -2*w. Let q be (-87)/(-5) - 2/5. What is the highest common divisor of w and q?
17
Suppose 4*w - 39 = 3*w. Let g = -17 + w. What is the greatest common divisor of g and 11?
11
Let q(j) = j + 11. Let w be q(-9). Suppose t + 262 = 3*t + 2*k, w*t + 4*k = 268. What is the greatest common divisor of t and 16?
16
Let y be (3 + -3 + -8)/(-1). Calculate the greatest common divisor of 20 and y.
4
Let f = -109 + 181. What is the highest common factor of 8 and f?
8
Let f(l) = 5*l + 3. Let a be f(3). What is the highest common divisor of a and 27?
9
Suppose 7*n = 2*n + 45. Suppose 5*g + n - 29 = 0. Suppose 0 = -2*w + 17 - 15. Calculate the highest common factor of w and g.
1
Let q(i) = i**3 + 13*i**2 + 18*i - 32. Let t be q(-11). Let w(b) = -11*b**3 + 3*b**2 + 3*b + 2. Let k be w(-2). What is the greatest common factor of k and t?
12
Let h(r) = 4*r**2 + 1. Let w be h(-4). Let b(q) = q**2 + 3*q + 2. Let i be b(-2). Suppose i = l + l - 52. Calculate the highest common factor of w and l.
13
Let y(n) = -31*n - 12. Let z be y(-4). What is the highest common divisor of z and 28?
28
Let j be ((-84)/(-16))/(6/16). What is the highest common factor of 42 and j?
14
Let p be (-4 + (-22)/(-8))/((-3)/84). Let n(y) = 12*y**2 - 3*y - 5. Let l be n(4). What is the greatest common divisor of l and p?
35
Let p(j) = -j - 5. Let i be p(-7). Calculate the highest common factor of 18 and i.
2
Suppose -5*q + 64 = 2*c, -1 = 2*c - 5. Let a(d) = d**2 + 5*d + 5. Let o be a(-5). Let v be ((-2)/o)/(2/(-40)). Calculate the highest common divisor of v and q.
4
Suppose 5*a = 4*i + 304, 3*i - 117 - 151 = -4*a. Suppose 3*d - 2 - 20 = -y, -y + 8 = -4*d. What is the greatest common factor of y and a?
16
Suppose 3*n + 2 = u + 12, 5*u = n + 20. What is the greatest common divisor of 25 and u?
5
Let z(i) = 2*i**2 + 19*i - 2. Let b be z(-11). Calculate the greatest common factor of 124 and b.
31
Suppose 0 = s - 52 - 25. What is the highest common divisor of s and 7?
7
Suppose -13*v = -9*v - 56. Calculate the greatest common divisor of v and 63.
7
Suppose 0 = -2*v - 5*s - 10, -3*v + 37 - 10 = -3*s. Suppose -269 + 719 = v*g. Calculate the greatest common divisor of g and 36.
18
Let l(r) = r - 242. Let d be l(0). Let x = d + 161. Let h = x - -158. What is the highest common divisor of h and 7?
7
Suppose -5*l - 67 = -257. Suppose 6*w - w = o + 48, l = 3*w + 4*o. Calculate the highest common divisor of 50 and w.
10
Let g be -1 - (-2 + 18)/(-2). Let q(h) = h**3 + 7*h**2 + 2*h - 4. Let j be q(-6). Suppose -2*a = -g*a + j. What is the greatest common divisor of a and 10?
2
Suppose -q = 3*q + 80. Let r be ((-5)/1)/(2/q). What is the highest common divisor of 10 and r?
10
Suppose 3*h = 11*h - 336. Calculate the highest common divisor of h and 105.
21
Suppose -2*s - 2*g + 4*g = -62, 56 = 2*s - 4*g. What is the highest common factor of 51 and s?
17
Suppose -2*d + d - x - 550 = 0, 2*d + 1090 = 3*x. Let h be (-1)/2 - d/8. Suppose -112 - h = -3*w. What is the greatest common divisor of 24 and w?
12
Suppose -2*t + h + 6 = 0, -4*t - 4*h = -0*h. Let i = 1 + t. Let j be 1088/12 + 1/i. What is the highest common factor of 13 and j?
13
Suppose t + 24 = 2*t. What is the greatest common factor of 60 and t?
12
Suppose 0 = 2*w - 3 - 5. Let a(m) = -m**2 + 5*m - 1. Let q be a(w). What is the greatest common factor of 33 and q?
3
Suppose -2*l + 84 = 28. Suppose -7*y + 23 = -6*y. Suppose -5*r = -2*m + 28, -5*m + r = y - 93. Calculate the highest common factor of m and l.
14
Let j be -3 - (-30)/(-2)*-1. What is the highest common divisor of 108 and j?
12
Suppose -5 = -4*j - 1. Let s(r) = r**3 - 5*r**2 + 5*r + 3. Let n be s(4). Calculate the highest common divisor of j and n.
1
Suppose -104 + 374 = 6*g. Calculate the highest common divisor of g and 30.
15
Let z be (-460)/(-40) - 3/(-4)*-2. Let p(y) = -2*y + 2. Let x be p(-4). What is the highest common factor of x and z?
10
Let n(i) = 2*i + 5. Let g be n(7). What is the highest common factor of g and 76?
19
Let s(h) = h**3 + 4*h**2 - 4*h - 1. Let t be s(-4). Let f = t - 0. Let a = 17 - 2. What is the highest common divisor of a and f?
15
Let t be ((-10)/4)/((-1)/4). Let d be 2/t*-2*-205. Suppose 3*g = -0*g - 5*w + 190, -3*w - d = -g. What is the greatest common factor of g and 28?
14
Let v = 19 + -12. Let f be (1 - 1) + 56/v. Let p = 85 - 45. What is the greatest common factor of p and f?
8
Let y(k) = 3*k**2 + 3*k + 2. Let l be y(-2). Suppose -q - l + 25 = 0. Suppose -33 = -2*r + 35. What is the greatest common divisor of q and r?
17
Let p(l) = l - 7. Let v be p(5). Let d be (v/4)/((-2)/320). Suppose 2*c - 9 - 11 = 0. What is the highest common factor of d and c?
10
Let u be (-4)/18 - (-7)/(-9). Let j(m) = 19*m**2 + m. Let b be j(u). What is the highest common factor of 18 and b?
18
Suppose 0 = -5*h - h - 84. Let b = 16 + h. Suppose 2*p - 20 = -0*p. What is the greatest common divisor of b and p?
2
Suppose -6*j = -81 - 1047. What is the greatest common factor of 47 and j?
47
Let f = 13 + -131. Let d = f + 193. What is the greatest common factor of d and 30?
15
Let k = 200 - 120. Let l = k - -81. Let r(p) = -2*p + 23. Let h be r(0). What is the greatest common factor of l and h?
23
Suppose -5*w = -2*f + 222, 2*f = f + 5*w + 101. Suppose 80*h = 87*h - 77. What is the greatest common divisor of h and f?
11
Let m be (-1)/2*(2 + -8). Calculate the greatest common divisor of m and 12.
3
Let p = -97 - -18. Let b = p + 200. Let m be -1*2 + 1 + 12. What is the highest common factor of m and b?
11
Suppose -15*i + 13*i = -240. What is the greatest common factor of 15 and i?
15
Suppose 2*f - 38 = 6. Calculate the greatest common divisor of f and 2.
2
Let l(f) be the first derivative of 3*f**2 - 2 + 3*f - 1/3*f**3. Let v be l(4). What is the highest common divisor of v and 33?
11
Let x(y) = y**3 - 2*y**2 + 2. Let t be x(3). What is the greatest common divisor of t and 11?
11
Let l(q) be the first derivative of -q**4/2 - q**3 + 2*q**2 - 18. Suppose 3 = -z - 0*z. Let y be l(z). What is the greatest common divisor of 120 and y?
15
Let t be -3 + ((-32)/(-6) - (-8)/12). Suppose 5*d + 3*y - 11 = 0, 2*d - 2*y - y = -4. What is the greatest common divisor of d and t?
1
Let x be -1 + 27 - (-6 - -4). Let v = x + 2. Calculate the greatest common factor of 15 and v.
15
Suppose -4*r + 10 = -2*r + 4*i, 0 = 2*r - 5*i - 10. Let k(h) = -7*h - r - 17*h + 0*h + 4. Let a be k(-5). What is the greatest common factor of a and 17?
17
Let p(a) = a**3 + a + 97. Let x = 0 - 0. Let k be p(x). Let t = k - 9. Calculate the highest common factor of 11 and t.
11
Let g(s) = s**2 - 18*s + 50. Let m be g(15). Calculate the highest common factor of m and 15.
5
Let q be (0 - -1) + 0 + 5. Calculate the highest common divisor of q and 2.
2
Let h(z) be the first derivative of 2*z**3/3 - 3*z**2/2 + 1. Let t be h(2). Let a be (18/(-8))/((-2)/16). What is the highest common factor of a and t?
2
Suppose -6*c + 4*c + 22 = 0. Let i be (-2 - 0)/2 + 221. Suppose -4*g - g = -i. What is the highest common divisor of c and g?
11
Let p(z) = -z**2 + 2 + 7 + 13 - z. Let s be p(0). Let m be (-884)/(-10) - 2/5. What is the highest common 